.
74
Calculate the greatest common divisor of 39969 and 333.
9
Calculate the greatest common divisor of 1593 and 5664.
177
What is the highest common divisor of 67295 and 129?
43
What is the highest common factor of 35175 and 6375?
75
What is the highest common factor of 286 and 772046?
22
What is the greatest common factor of 2422 and 896?
14
Calculate the greatest common divisor of 528 and 4232.
8
Calculate the highest common factor of 16967 and 152.
19
Calculate the highest common factor of 15 and 497075.
5
Calculate the highest common divisor of 444 and 237392.
148
What is the highest common divisor of 441 and 5271?
21
Calculate the greatest common factor of 264001 and 908.
227
Calculate the greatest common factor of 5833 and 5219.
307
Calculate the highest common divisor of 1072 and 304.
16
What is the highest common factor of 49488 and 16?
16
Calculate the highest common divisor of 43 and 6646639.
43
What is the highest common factor of 173159 and 56?
7
Calculate the highest common divisor of 3968 and 576.
64
Calculate the highest common factor of 1629 and 7612317.
1629
Calculate the highest common factor of 736 and 753664.
736
What is the highest common divisor of 939 and 189365?
313
What is the greatest common divisor of 8 and 454?
2
Calculate the highest common factor of 3216 and 29949.
201
Calculate the greatest common divisor of 385241 and 641.
641
Calculate the highest common factor of 20989 and 139.
139
What is the highest common divisor of 26273 and 36049?
611
Calculate the greatest common divisor of 1644 and 114.
6
Calculate the greatest common divisor of 20877 and 192.
3
What is the highest common divisor of 1075 and 12814?
43
What is the highest common factor of 294 and 43176?
42
What is the highest common factor of 2 and 30518?
2
What is the highest common factor of 220 and 3081430?
110
What is the highest common factor of 83 and 77356?
83
Calculate the highest common divisor of 234385 and 5.
5
Calculate the highest common factor of 673070 and 70.
10
Calculate the highest common divisor of 876 and 755988.
876
What is the highest common factor of 829884 and 528?
132
Calculate the highest common factor of 326 and 110840.
326
What is the highest common factor of 10117 and 2479?
67
What is the greatest common divisor of 90128 and 24?
8
Calculate the highest common divisor of 26042 and 12760.
58
What is the greatest common divisor of 1782 and 55?
11
What is the greatest common divisor of 2454238 and 230?
46
What is the highest common divisor of 1848 and 34342?
154
What is the highest common divisor of 621 and 26933?
23
Calculate the highest common divisor of 128 and 2149120.
128
What is the highest common factor of 188518 and 2662?
242
Calculate the greatest common divisor of 249269 and 185.
37
Calculate the greatest common factor of 4270 and 5005.
35
Calculate the greatest common factor of 4224 and 27192.
264
What is the highest common divisor of 649 and 5137?
11
Calculate the greatest common factor of 73344 and 540.
12
Calculate the greatest common divisor of 3017 and 224.
7
Calculate the greatest common factor of 130 and 57772.
26
Calculate the highest common divisor of 74862 and 222.
6
What is the highest common divisor of 1960 and 2968?
56
What is the greatest common divisor of 180 and 3374460?
180
What is the greatest common divisor of 2402 and 2386387?
1201
What is the highest common factor of 2620 and 217984?
524
Calculate the greatest common divisor of 4064 and 5969.
127
Calculate the greatest common factor of 620798 and 472.
118
What is the highest common factor of 35568 and 855?
171
What is the highest common factor of 26 and 2827123?
13
Calculate the highest common factor of 54 and 5139.
9
What is the highest common divisor of 244989 and 1304?
163
What is the highest common divisor of 81 and 184275?
81
Calculate the greatest common divisor of 79312 and 976.
16
Calculate the greatest common divisor of 2376 and 7452.
108
Calculate the highest common factor of 153 and 35428.
17
Calculate the highest common factor of 890 and 1350.
10
Calculate the highest common divisor of 13884 and 32448.
156
What is the highest common factor of 68 and 19319548?
68
Calculate the greatest common divisor of 228744 and 1944.
648
Calculate the highest common divisor of 690 and 17112.
138
What is the highest common factor of 117 and 3851289?
117
What is the greatest common factor of 44044 and 6864?
572
What is the greatest common divisor of 27695 and 580?
145
Calculate the greatest common divisor of 6919614 and 1053.
351
What is the greatest common factor of 853678 and 62?
62
What is the greatest common factor of 16957 and 26939?
31
What is the greatest common divisor of 60892 and 286?
26
Calculate the greatest common factor of 240075 and 319.
11
Calculate the greatest common divisor of 7882 and 9450.
14
What is the greatest common factor of 43029 and 231?
21
Calculate the highest common factor of 6174 and 3108.
42
Calculate the greatest common factor of 546 and 13611.
39
What is the greatest common factor of 210 and 1405320?
210
What is the greatest common divisor of 288 and 2389968?
144
Calculate the highest common divisor of 46548 and 1692.
36
What is the highest common factor of 3725566 and 104?
26
What is the highest common divisor of 303807 and 3332?
119
What is the highest common divisor of 3295557 and 45?
9
Calculate the greatest common factor of 203 and 1057427.
203
What is the highest common factor of 272 and 719236?
68
Calculate the greatest common factor of 87 and 624.
3
What is the greatest common divisor of 1519161 and 7?
7
What is the highest common factor of 2616591 and 59?
59
Calculate the highest common divisor of 592 and 1392088.
296
Calculate the greatest common factor of 1618272 and 324.
108
Calculate the highest common factor of 895 and 695.
5
Calculate the greatest common factor of 15 and 722805.
15
What is the greatest common divisor of 10720 and 1675?
335
What is the greatest common factor of 33831 and 2457?
189
Calculate the greatest common factor of 1120 and 655.
5
What is the greatest common factor of 90060 and 418?
38
What is the highest common factor of 3318 and 3066?
42
Calculate the highest common factor of 170148 and 4.
4
What is the highest common divisor of 7756 and 35179?
277
Calculate the greatest common factor of 18 and 7779897.
9
What is the greatest common divisor of 1152 and 29664?
288
What is the greatest common factor of 782 and 3893?
17
What is the highest common factor of 341 and 561?
11
Calculate the greatest common divisor of 2009 and 196.
49
What is the highest common divisor of 322 and 1254512?
322
What is the greatest common factor of 533 and 11219?
13
Calculate the highest common divisor of 150 and 525950.
50
What is the greatest common factor of 84216 and 6?
6
What is the greatest common divisor of 44 and 1281654?
22
Calculate the highest common divisor of 2465 and 28101.
493
What is the highest common factor of 432 and 58896?
144
Calculate the highest common divisor of 432 and 14808.
24
Calculate the greatest common factor of 622271 and 117.
13
What is the highest common factor of 44 and 571571?
11
Calculate the highest common divisor of 1369 and 254227.
37
Calculate the greatest common divisor of 188 and 3320268.
188
What is the highest common divisor of 918 and 6562?
34
What is the highest common factor of 1230 and 105288?
246
Calculate the greatest common divisor of 76881 and 1764.
147
What is the greatest common divisor of 11343 and 37014?
597
What is the greatest common factor of 46186 and 3122?
14
What is the greatest common divisor of 318605 and 315?
35
What is the highest common divisor of 2 and 17675?
1
Calculate the highest common divisor of 3443140 and 40.
20
What is the greatest common factor of 12402 and 286?
26
Calculate the highest common divisor of 1887 and 6171.
51
What is the greatest common factor of 21 and 889980?
21
What is the highest common divisor of 593306 and 91?
7
Calculate the highest common factor of 360570 and 5.
5
What is the greatest common factor of 624 and 280488?
312
What is the greatest common factor of 26150 and 25?
25
What is the greatest common factor of 160 and 200840?
40
Calculate the highest common factor of 7693 and 392.
49
What is the greatest